{"id":3142,"date":"2026-02-25T20:29:24","date_gmt":"2026-02-25T20:29:24","guid":{"rendered":"https:\/\/tenantstogether.org\/sobre-nosotres\/mision-y-vision\/"},"modified":"2026-09-03T00:29:29","modified_gmt":"2026-09-03T00:29:29","slug":"mision-y-vision","status":"publish","type":"page","link":"https:\/\/tenantstogether.org\/es\/sobre-nosotres\/mision-y-vision\/","title":{"rendered":"Misi\u00f3n y Visi\u00f3n"},"content":{"rendered":"\n<div class=\"wp-block-uagb-container city-title uagb-block-dc15014d alignfull uagb-is-root-container\"><div class=\"uagb-container-inner-blocks-wrap\">\n<div class=\"wp-block-uagb-container uagb-block-d37b9dbe\"><h1 class=\"wp-block-post-title\">Misi\u00f3n y Visi\u00f3n<\/h1><\/div>\n<\/div><\/div>\n\n<div class=\"wp-block-uagb-container uagb-block-095ecc8b alignfull uagb-is-root-container\"><div class=\"uagb-container-inner-blocks-wrap\">\n<div class=\"wp-block-uagb-container uagb-block-80e061c0\">\n<h2 class=\"wp-block-heading\">\u00a1Somos Inquilines Juntes!<\/h2>\n\n\n\n<h3 class=\"wp-block-heading\">Inquilines Juntes es una coalici\u00f3n a nivel estatal de organizaciones locales de inquilines dedicada a defender y promover los derechos de les inquilines de California a una vivienda segura, digna y asequible. <\/h3>\n\n\n\n<p class=\"wp-block-paragraph\">Como la \u00fanica organizaci\u00f3n estatal de California dedicada exclusivamente a los derechos de los inquilinos, Tenants Together [Inquilines Juntes] trabaja para mejorar la vida de les inquilines de California mediante el desarrollo de capacidades, la creaci\u00f3n de movimientos y campa\u00f1as a nivel estatal. Tenants Together busca apoyar y fortalecer el movimiento estatal por los derechos de les inquilines. <\/p>\n<\/div>\n\n\n\n<div class=\"wp-block-uagb-container uagb-block-72ff7c2a\">\n<h2 class=\"wp-block-heading\">Imaginamos un mundo\u2026<\/h2>\n\n\n\n<h3 class=\"wp-block-heading\">\u2026 donde les inquilines tengan seguridad en la vivienda y sean tratades con dignidad como miembros iguales de la comunidad.<\/h3>\n\n\n\n<p class=\"wp-block-paragraph\"><strong>Les inquilines son fundamentales para construir un sistema en el que la vivienda sea un derecho humano, no una mercanc\u00eda.<\/strong><\/p>\n\n\n\n<p class=\"wp-block-paragraph\"><strong>Toda persona tiene derecho a la seguridad f\u00edsica y econ\u00f3mica.<\/strong><\/p>\n\n\n\n<p class=\"wp-block-paragraph\"><strong>Imaginamos comunidades pr\u00f3speras y sostenibles<\/strong>, cultivadas a trav\u00e9s de la autodeterminaci\u00f3n y la equidad en la toma de decisiones sobre las pol\u00edticas que afectan a sus vidas.<\/p>\n<\/div>\n\n\n\n<div class=\"wp-block-uagb-container uagb-block-c85ae25f\">\n<h2 class=\"wp-block-heading\">TEOR\u00cdA DEL CAMBIO <\/h2>\n\n\n\n<div class=\"wp-block-uagb-image uagb-block-fb4a6fcc wp-block-uagb-image--layout-default wp-block-uagb-image--effect-static wp-block-uagb-image--align-none\"><figure class=\"wp-block-uagb-image__figure\"><img decoding=\"async\" src=\"https:\/\/tenantstogether.org\/wp-content\/uploads\/2026\/06\/NEW-TT-Theory-of-ChANGE-2-1024x1024.png\" alt=\"\" class=\"uag-image-2968\" width=\"2000\" height=\"2000\" title=\"\" loading=\"lazy\" role=\"img\" \/><\/figure><\/div>\n<\/div>\n\n\n\n<div class=\"wp-block-uagb-container uagb-block-d01cd890\">\n<h2 class=\"wp-block-heading\">ESTRATEGIAS PRINCIPALES<\/h2>\n\n\n\n<h3 class=\"wp-block-heading\">Como organizaci\u00f3n estatal de derechos de los inquilinos, Tenants Together centra sus esfuerzos en apoyar este cambio a trav\u00e9s de estas estrategias principales:<\/h3>\n\n\n\n<p class=\"wp-block-paragraph\"><\/p>\n\n\n\n<div class=\"wp-block-uagb-icon-list uagb-block-e399c0e0\"><div class=\"uagb-icon-list__wrap\">\n<div class=\"wp-block-uagb-icon-list-child uagb-block-f32c3996\"><span class=\"uagb-icon-list__source-wrap\"><\/span><span class=\"uagb-icon-list__label\"><strong>Desarrollar la capacidad para la organizaci\u00f3n local de inquilinos<\/strong> con un enfoque en el apoyo a las uniones de inquilinos y a los l\u00edderes locales<\/span><\/div>\n\n\n\n<div class=\"wp-block-uagb-icon-list-child uagb-block-dd23ba83\"><span class=\"uagb-icon-list__source-wrap\"><\/span><span class=\"uagb-icon-list__label\"><strong>Creaci\u00f3n de movimientos y de redes<\/strong> con un enfoque en conectar y unir a los grupos de inquilinos en todo el estado<\/span><\/div>\n\n\n\n<div class=\"wp-block-uagb-icon-list-child uagb-block-b4754cf3\"><span class=\"uagb-icon-list__source-wrap\"><\/span><span class=\"uagb-icon-list__label\"><strong>Defensa de los derechos de los inquilinos a nivel estatal<\/strong> mediante la coordinaci\u00f3n y movilizaci\u00f3n de grupos de inquilinos en Sacramento<\/span><\/div>\n<\/div><\/div>\n<\/div>\n\n\n\n<div class=\"wp-block-uagb-container uagb-block-416845f1\">\n<h2 class=\"wp-block-heading\">NUESTROS GRANDES OBJETIVOS<\/h2>\n\n\n\n<h3 class=\"wp-block-heading\">Para transformar el panorama de la vivienda en California para el a\u00f1o 2034, centraremos nuestros esfuerzos en lograr estos grandes y audaces objetivos:<\/h3>\n\n\n\n<ol class=\"wp-block-list\">\n<li style=\"border-top-left-radius:0px;border-top-right-radius:0px;border-bottom-left-radius:0px;border-bottom-right-radius:0px;margin-top:var(--wp--preset--spacing--50);margin-bottom:var(--wp--preset--spacing--50)\"><strong>Lograr el control de alquileres en todo el estado y la causa justa para todos los inquilinos de California<\/strong> mediante el desmantelamiento de las barreras estructurales (como la ley Costa-Hawkins y la Ley Ellis) y el avance de nuevas protecciones estatales y locales<\/li>\n\n\n\n<li style=\"margin-top:var(--wp--preset--spacing--50);margin-bottom:var(--wp--preset--spacing--50)\"><strong>Crear y apoyar grupos de inquilinos locales fuertes y activos<\/strong> que lideren el desarrollo de pol\u00edticas y legislaci\u00f3n local en todas las jurisdicciones de California con una poblaci\u00f3n superior a 100.000 habitantes<\/li>\n\n\n\n<li><strong>A\u00f1adir 1,4 millones de unidades de vivienda de propiedad social y gesti\u00f3n comunitaria<\/strong> que sean permanentemente asequibles para los inquilinos m\u00e1s afectados y se retiren definitivamente del mercado especulativo, trabajando en colaboraci\u00f3n con los movimientos laborales, de justicia reproductiva, de justicia ambiental y otros<\/li>\n<\/ol>\n<\/div>\n\n\n\n<div class=\"wp-block-uagb-container uagb-block-f234077c\">\n<h2 class=\"wp-block-heading\">NUESTROS VALORES FUNDAMENTALES<\/h2>\n\n\n\n<h3 class=\"wp-block-heading\">Sabemos que la vivienda es un derecho humano; los derechos de los inquilinos son una parte esencial de la lucha por la justicia y la dignidad<\/h3>\n\n\n\n<p class=\"wp-block-paragraph\"><strong>Creemos en la autodeterminaci\u00f3n de los inquilinos y en el control comunitario<\/strong><\/p>\n\n\n\n<p class=\"wp-block-paragraph\"><strong>Centramos las necesidades de las personas y comunidades que hist\u00f3ricamente han sido m\u00e1s perjudicadas por la opresi\u00f3n y la violencia en la vivienda<\/strong><\/p>\n\n\n\n<p class=\"wp-block-paragraph\"><strong>Ense\u00f1amos y aprendemos: <\/strong>el conocimiento de los inquilinos es poder y conduce a la liberaci\u00f3n<\/p>\n\n\n\n<p class=\"wp-block-paragraph\"><strong>Somos interseccionales: <\/strong>el derecho a la vivienda est\u00e1 alineado con otros movimientos que luchan contra la opresi\u00f3n estructural y por la justicia social, econ\u00f3mica y racial<\/p>\n\n\n\n<p class=\"wp-block-paragraph\"><strong>Somos un movimiento liderado por inquilinos<\/strong>; garantizar la sostenibilidad de nuestros miembros, voluntarios y personal es la \u00fanica manera en que venceremos<\/p>\n<\/div>\n<\/div><\/div>\n\n<div class=\"wp-block-uagb-container uagb-block-e42660cb alignfull uagb-is-root-container\"><div class=\"uagb-container-inner-blocks-wrap\">\n<div class=\"wp-block-uagb-separator uagb-block-6e6e82f4\"><div class=\"uagb-separator-spacing-wrapper\"><div class=\"wp-block-uagb-separator__inner\" style=\"--my-background-image:\"><\/div><\/div><\/div>\n<\/div><\/div>\n\n<div class=\"wp-block-uagb-container uagb-block-e56501a4 alignfull uagb-is-root-container\"><div class=\"uagb-container-inner-blocks-wrap\"><\/div><\/div>\n","protected":false},"excerpt":{"rendered":"<p>\u00a1Somos Inquilines Juntes! Inquilines Juntes es una coalici\u00f3n a nivel estatal de organizaciones locales de inquilines dedicada a defender y [&hellip;]<\/p>\n","protected":false},"author":1,"featured_media":0,"parent":3128,"menu_order":0,"comment_status":"closed","ping_status":"closed","template":"","meta":{"_acf_changed":false,"inline_featured_image":false,"_uag_custom_page_level_css":"","site-sidebar-layout":"default","site-content-layout":"","ast-site-content-layout":"default","site-content-style":"default","site-sidebar-style":"default","ast-global-header-display":"","ast-banner-title-visibility":"","ast-main-header-display":"","ast-hfb-above-header-display":"","ast-hfb-below-header-display":"","ast-hfb-mobile-header-display":"","site-post-title":"disabled","ast-breadcrumbs-content":"","ast-featured-img":"","footer-sml-layout":"","ast-disable-related-posts":"","theme-transparent-header-meta":"","adv-header-id-meta":"","stick-header-meta":"","header-above-stick-meta":"","header-main-stick-meta":"","header-below-stick-meta":"","astra-migrate-meta-layouts":"default","ast-page-background-enabled":"default","ast-page-background-meta":{"desktop":{"background-color":"var(--ast-global-color-5)","background-image":"","background-repeat":"repeat","background-position":"center center","background-size":"auto","background-attachment":"scroll","background-type":"","background-media":"","overlay-type":"","overlay-color":"","overlay-opacity":"","overlay-gradient":""},"tablet":{"background-color":"","background-image":"","background-repeat":"repeat","background-position":"center center","background-size":"auto","background-attachment":"scroll","background-type":"","background-media":"","overlay-type":"","overlay-color":"","overlay-opacity":"","overlay-gradient":""},"mobile":{"background-color":"","background-image":"","background-repeat":"repeat","background-position":"center center","background-size":"auto","background-attachment":"scroll","background-type":"","background-media":"","overlay-type":"","overlay-color":"","overlay-opacity":"","overlay-gradient":""}},"ast-content-background-meta":{"desktop":{"background-color":"var(--ast-global-color-4)","background-image":"","background-repeat":"repeat","background-position":"center center","background-size":"auto","background-attachment":"scroll","background-type":"","background-media":"","overlay-type":"","overlay-color":"","overlay-opacity":"","overlay-gradient":""},"tablet":{"background-color":"var(--ast-global-color-4)","background-image":"","background-repeat":"repeat","background-position":"center center","background-size":"auto","background-attachment":"scroll","background-type":"","background-media":"","overlay-type":"","overlay-color":"","overlay-opacity":"","overlay-gradient":""},"mobile":{"background-color":"var(--ast-global-color-4)","background-image":"","background-repeat":"repeat","background-position":"center center","background-size":"auto","background-attachment":"scroll","background-type":"","background-media":"","overlay-type":"","overlay-color":"","overlay-opacity":"","overlay-gradient":""}},"footnotes":""},"know-your-rights":[],"class_list":["post-3142","page","type-page","status-publish","hentry"],"acf":[],"uagb_featured_image_src":{"full":false,"thumbnail":false,"medium":false,"medium_large":false,"large":false,"1536x1536":false,"2048x2048":false},"uagb_author_info":{"display_name":"giantrabbit","author_link":"https:\/\/tenantstogether.org\/es\/author\/giantrabbit\/"},"uagb_comment_info":0,"uagb_excerpt":"\u00a1Somos Inquilines Juntes! Inquilines Juntes es una coalici\u00f3n a nivel estatal de organizaciones locales de inquilines dedicada a defender y [&hellip;]","_links":{"self":[{"href":"https:\/\/tenantstogether.org\/es\/wp-json\/wp\/v2\/pages\/3142","targetHints":{"allow":["GET"]}}],"collection":[{"href":"https:\/\/tenantstogether.org\/es\/wp-json\/wp\/v2\/pages"}],"about":[{"href":"https:\/\/tenantstogether.org\/es\/wp-json\/wp\/v2\/types\/page"}],"author":[{"embeddable":true,"href":"https:\/\/tenantstogether.org\/es\/wp-json\/wp\/v2\/users\/1"}],"replies":[{"embeddable":true,"href":"https:\/\/tenantstogether.org\/es\/wp-json\/wp\/v2\/comments?post=3142"}],"version-history":[{"count":2,"href":"https:\/\/tenantstogether.org\/es\/wp-json\/wp\/v2\/pages\/3142\/revisions"}],"predecessor-version":[{"id":3146,"href":"https:\/\/tenantstogether.org\/es\/wp-json\/wp\/v2\/pages\/3142\/revisions\/3146"}],"up":[{"embeddable":true,"href":"https:\/\/tenantstogether.org\/es\/wp-json\/wp\/v2\/pages\/3128"}],"wp:attachment":[{"href":"https:\/\/tenantstogether.org\/es\/wp-json\/wp\/v2\/media?parent=3142"}],"wp:term":[{"taxonomy":"know-your-rights","embeddable":true,"href":"https:\/\/tenantstogether.org\/es\/wp-json\/wp\/v2\/know-your-rights?post=3142"}],"curies":[{"name":"wp","href":"https:\/\/api.w.org\/{rel}","templated":true}]}}

Misión y Visión

<div class="wp-block-uagb-container city-title uagb-block-dc15014d alignfull uagb-is-root-container"><div class="uagb-container-inner-blocks-wrap">
<div class="wp-block-uagb-container uagb-block-d37b9dbe"><h1 class="wp-block-post-title">Misión y Visión</h1></div>
</div></div>

<div class="wp-block-uagb-container uagb-block-095ecc8b alignfull uagb-is-root-container"><div class="uagb-container-inner-blocks-wrap">
<div class="wp-block-uagb-container uagb-block-80e061c0">
<h2 class="wp-block-heading">¡Somos Inquilines Juntes!</h2>



<h3 class="wp-block-heading">Inquilines Juntes es una coalición a nivel estatal de organizaciones locales de inquilines dedicada a defender y promover los derechos de les inquilines de California a una vivienda segura, digna y asequible. </h3>



<p class="wp-block-paragraph">Como la única organización estatal de California dedicada exclusivamente a los derechos de los inquilinos, Tenants Together [Inquilines Juntes] trabaja para mejorar la vida de les inquilines de California mediante el desarrollo de capacidades, la creación de movimientos y campañas a nivel estatal. Tenants Together busca apoyar y fortalecer el movimiento estatal por los derechos de les inquilines. </p>
</div>



<div class="wp-block-uagb-container uagb-block-72ff7c2a">
<h2 class="wp-block-heading">Imaginamos un mundo…</h2>



<h3 class="wp-block-heading">… donde les inquilines tengan seguridad en la vivienda y sean tratades con dignidad como miembros iguales de la comunidad.</h3>



<p class="wp-block-paragraph"><strong>Les inquilines son fundamentales para construir un sistema en el que la vivienda sea un derecho humano, no una mercancía.</strong></p>



<p class="wp-block-paragraph"><strong>Toda persona tiene derecho a la seguridad física y económica.</strong></p>



<p class="wp-block-paragraph"><strong>Imaginamos comunidades prósperas y sostenibles</strong>, cultivadas a través de la autodeterminación y la equidad en la toma de decisiones sobre las políticas que afectan a sus vidas.</p>
</div>



<div class="wp-block-uagb-container uagb-block-c85ae25f">
<h2 class="wp-block-heading">TEORÍA DEL CAMBIO </h2>



<div class="wp-block-uagb-image uagb-block-fb4a6fcc wp-block-uagb-image--layout-default wp-block-uagb-image--effect-static wp-block-uagb-image--align-none"><figure class="wp-block-uagb-image__figure"><img decoding="async" src="https://tenantstogether.org/wp-content/uploads/2026/06/NEW-TT-Theory-of-ChANGE-2-1024x1024.png" alt="" class="uag-image-2968" width="2000" height="2000" title="" loading="lazy" role="img" /></figure></div>
</div>



<div class="wp-block-uagb-container uagb-block-d01cd890">
<h2 class="wp-block-heading">ESTRATEGIAS PRINCIPALES</h2>



<h3 class="wp-block-heading">Como organización estatal de derechos de los inquilinos, Tenants Together centra sus esfuerzos en apoyar este cambio a través de estas estrategias principales:</h3>



<p class="wp-block-paragraph"></p>



<div class="wp-block-uagb-icon-list uagb-block-e399c0e0"><div class="uagb-icon-list__wrap">
<div class="wp-block-uagb-icon-list-child uagb-block-f32c3996"><span class="uagb-icon-list__source-wrap"></span><span class="uagb-icon-list__label"><strong>Desarrollar la capacidad para la organización local de inquilinos</strong> con un enfoque en el apoyo a las uniones de inquilinos y a los líderes locales</span></div>



<div class="wp-block-uagb-icon-list-child uagb-block-dd23ba83"><span class="uagb-icon-list__source-wrap"></span><span class="uagb-icon-list__label"><strong>Creación de movimientos y de redes</strong> con un enfoque en conectar y unir a los grupos de inquilinos en todo el estado</span></div>



<div class="wp-block-uagb-icon-list-child uagb-block-b4754cf3"><span class="uagb-icon-list__source-wrap"></span><span class="uagb-icon-list__label"><strong>Defensa de los derechos de los inquilinos a nivel estatal</strong> mediante la coordinación y movilización de grupos de inquilinos en Sacramento</span></div>
</div></div>
</div>



<div class="wp-block-uagb-container uagb-block-416845f1">
<h2 class="wp-block-heading">NUESTROS GRANDES OBJETIVOS</h2>



<h3 class="wp-block-heading">Para transformar el panorama de la vivienda en California para el año 2034, centraremos nuestros esfuerzos en lograr estos grandes y audaces objetivos:</h3>



<ol class="wp-block-list">
<li style="border-top-left-radius:0px;border-top-right-radius:0px;border-bottom-left-radius:0px;border-bottom-right-radius:0px;margin-top:var(--wp--preset--spacing--50);margin-bottom:var(--wp--preset--spacing--50)"><strong>Lograr el control de alquileres en todo el estado y la causa justa para todos los inquilinos de California</strong> mediante el desmantelamiento de las barreras estructurales (como la ley Costa-Hawkins y la Ley Ellis) y el avance de nuevas protecciones estatales y locales</li>



<li style="margin-top:var(--wp--preset--spacing--50);margin-bottom:var(--wp--preset--spacing--50)"><strong>Crear y apoyar grupos de inquilinos locales fuertes y activos</strong> que lideren el desarrollo de políticas y legislación local en todas las jurisdicciones de California con una población superior a 100.000 habitantes</li>



<li><strong>Añadir 1,4 millones de unidades de vivienda de propiedad social y gestión comunitaria</strong> que sean permanentemente asequibles para los inquilinos más afectados y se retiren definitivamente del mercado especulativo, trabajando en colaboración con los movimientos laborales, de justicia reproductiva, de justicia ambiental y otros</li>
</ol>
</div>



<div class="wp-block-uagb-container uagb-block-f234077c">
<h2 class="wp-block-heading">NUESTROS VALORES FUNDAMENTALES</h2>



<h3 class="wp-block-heading">Sabemos que la vivienda es un derecho humano; los derechos de los inquilinos son una parte esencial de la lucha por la justicia y la dignidad</h3>



<p class="wp-block-paragraph"><strong>Creemos en la autodeterminación de los inquilinos y en el control comunitario</strong></p>



<p class="wp-block-paragraph"><strong>Centramos las necesidades de las personas y comunidades que históricamente han sido más perjudicadas por la opresión y la violencia en la vivienda</strong></p>



<p class="wp-block-paragraph"><strong>Enseñamos y aprendemos: </strong>el conocimiento de los inquilinos es poder y conduce a la liberación</p>



<p class="wp-block-paragraph"><strong>Somos interseccionales: </strong>el derecho a la vivienda está alineado con otros movimientos que luchan contra la opresión estructural y por la justicia social, económica y racial</p>



<p class="wp-block-paragraph"><strong>Somos un movimiento liderado por inquilinos</strong>; garantizar la sostenibilidad de nuestros miembros, voluntarios y personal es la única manera en que venceremos</p>
</div>
</div></div>

<div class="wp-block-uagb-container uagb-block-e42660cb alignfull uagb-is-root-container"><div class="uagb-container-inner-blocks-wrap">
<div class="wp-block-uagb-separator uagb-block-6e6e82f4"><div class="uagb-separator-spacing-wrapper"><div class="wp-block-uagb-separator__inner" style="--my-background-image:"></div></div></div>
</div></div>

<div class="wp-block-uagb-container uagb-block-e56501a4 alignfull uagb-is-root-container"><div class="uagb-container-inner-blocks-wrap"></div></div>

<p>¡Somos Inquilines Juntes! Inquilines Juntes es una coalición a nivel estatal de organizaciones locales de inquilines dedicada a defender y [&hellip;]</p>

¡Somos Inquilines Juntes! Inquilines Juntes es una coalición a nivel estatal de organizaciones locales de inquilines dedicada a defender y [&hellip;]
